. Let h(x) = 4*x + 3. Let m be h(n). Let y = 11 + -2. Calculate the highest common factor of y and m.
9
Suppose 2*q - 4*d = 26096, -6*d + 3*d + 52236 = 4*q. Calculate the greatest common divisor of 68 and q.
68
Let g = 256 + -252. Suppose -g*n + 147 = -21. Calculate the highest common factor of 35 and n.
7
Let o = 14344 - 14331. Suppose 3*j = 6, 5*j + 283 = 4*d - 71. What is the greatest common factor of d and o?
13
Suppose -20*w - 6*w + 104 = 0. Suppose 0*k - 25 = -2*v - k, 0 = -w*v + 2*k + 62. What is the greatest common divisor of v and 49?
7
Let o be (-502)/(-6) - 11*(-135)/(-891). What is the greatest common divisor of o and 7257?
41
Let y(p) = -p**3 - 16*p**2 - 12*p - 8. Let m be y(-10). Let h = -81 - m. Calculate the greatest common divisor of 37 and h.
37
Let y be 2*(51/6 - 5). Suppose -181 = -3*v + 5*t, t - 2 = -y. What is the greatest common divisor of 78 and v?
26
Let t(f) = -f**3 + 6*f**2 + f + 27. Suppose 30*v = 31*v. Let k be t(v). What is the highest common factor of 90 and k?
9
Let u = -602 + 969. Suppose 0 = 2*z - 5*b - u, -6*b - 25 = -b. Calculate the greatest common divisor of 9 and z.
9
Let m = 27308 + -27294. Let f be (-8070)/(-24) - (-3)/4. Suppose -f = -4*l + 167. Calculate the highest common factor of m and l.
14
Suppose -5*t + 115 = 5*h, 35 = t + 11*h - 8*h. What is the highest common factor of t and 3349?
17
Let x = 70 + 18. Suppose -9*o = -47 - x. Calculate the greatest common divisor of o and 75.
15
Let b = 100 - 156. Let u = b + 68. What is the greatest common divisor of 564 and u?
12
Let f = 7588 - 7344. Calculate the highest common divisor of 2135 and f.
61
Let i = -22 - -18. Let x be (-6)/i*52/3. Let d be (4/(-6))/(16/(-936)). Calculate the highest common divisor of x and d.
13
Suppose 80 = 5*q + 5*g, q = 2*q + 4*g - 1. Let b = 88 + -194. Let l be 51/(-51) + (0 + 0 - b). What is the highest common factor of l and q?
21
Suppose -2*i - 4*u = 2, 3*u = -4*i + 6 + 5. Let n be 1 - 27 - (i + -1). Let j = n - -42. What is the greatest common divisor of j and 12?
12
Let v(g) = -3*g**2 + g + 3. Let m(x) = -x**2 - 2*x - 1. Let r(w) = 5*m(w) - v(w). Let q be r(-4). Calculate the highest common divisor of q and 44.
4
Let w(u) = -12*u + 8. Let q be w(12). Let d = -125 - q. Calculate the highest common factor of d and 1.
1
Suppose -3*t + 3894 = -3*q, -q = -2*t - t + 3890. Suppose 0 = 523*d + 68*d - 9456. What is the greatest common divisor of t and d?
16
Suppose -5*i + 132 = g - 7*i, 5*g = 3*i + 632. Calculate the highest common divisor of 620 and g.
124
Let l be 4*6/24*(1 - 1). Suppose 3*z - z - 12 = 4*g, l = -g - 1. Suppose 4*t = r + 46, -z*r - 40 = -5*t + t. Calculate the highest common divisor of 3 and t.
3
Let p(y) = 21*y**2 + y - 1. Suppose 0 = 5*s - 11 + 1. Let l be p(s). What is the greatest common factor of 34 and l?
17
Let r(b) = -49*b + 9. Suppose 40 = -20*m - 20. Let n be r(m). What is the highest common factor of n and 52?
52
Let j = 419 - 298. Suppose -225 - 6 = -21*h. What is the highest common factor of h and j?
11
Suppose -34*p + 38*p - 388 = 0. Suppose -4*u = -l + 31 + 13, 2*l - 5*u = p. What is the highest common factor of 168 and l?
56
Suppose -22*w + 52 = -14. Suppose -73 = -l + 2*o + 1, -5*o - 225 = -w*l. What is the greatest common factor of l and 20?
20
Suppose 3*b - 2*x - 28 = 5*b, -4*x - 14 = b. Let f be ((-68)/b - 5) + (-866)/14. Let r = 72 + f. What is the highest common divisor of r and 20?
10
Suppose -405 = -8*s + 5*n + 12, 3*s + 3*n - 171 = 0. Calculate the highest common factor of 42 and s.
6
Suppose -x + 89 + 126 = 0. Let v(z) = x + 175 - 440 + 34*z. Let s be v(5). What is the highest common factor of 24 and s?
24
Let q be (-2 + 1 + 0)*(7 + -7). Suppose -182*y + 193*y - 528 = q. Calculate the highest common factor of y and 6.
6
Let n = 3810 - -9654. Calculate the greatest common divisor of n and 594.
198
Suppose -523*q + 540*q - 646 = 0. What is the highest common divisor of 2 and q?
2
Let i(n) = 92*n + 56 - 54*n + 334*n + 185*n. Let z be i(2). Calculate the greatest common divisor of z and 90.
90
Suppose -4*r - 5*j + 134 = 0, -3*r + 242*j - 240*j + 112 = 0. What is the highest common factor of 2106 and r?
18
Let b = -414 - -216. Let x be 66/b - 121/(-3). Calculate the highest common factor of x and 320.
40
Let m(z) = -z**2 - 40*z - 74. Let q be m(-14). What is the highest common divisor of q and 667?
29
Let i(r) = r**2 - r - 21. Let o = -264 + 270. Let h be i(o). What is the greatest common factor of h and 18?
9
Let k(a) = -4*a**2 + 94*a + 4. Let z be k(0). Calculate the greatest common divisor of z and 4060.
4
Let n = -8529 + 11472. What is the highest common factor of n and 6?
3
Let g be (-11)/143*-13*-1 + 45930 + -1. What is the highest common factor of g and 8?
8
Let t(q) = -91*q**3 + q. Let k be t(-1). Suppose 0 = 2*r - 4*r + 6, 5*r = a + 484. Let v = 489 + a. Calculate the greatest common divisor of k and v.
10
Suppose -8*l + 2*u - 236 = -4*l, l - u = -61. Let i(b) = -21*b**2 + 1. Let r be i(-1). Let v = r - l. Calculate the greatest common divisor of v and 370.
37
Suppose 19*n - 10*n = 9. Let z be 1/n + 4 - (-3332)/7. What is the greatest common factor of 13 and z?
13
Let u = 3540 + -3515. Let n be (122 + (1 - -2))/1. What is the highest common factor of n and u?
25
Let r be 6 - (-4 - (-4 - -184)). Suppose -r*i + 6 = -187*i. What is the greatest common factor of 26 and i?
2
Let q(f) = -22*f + 152. Let t be q(5). What is the highest common divisor of t and 777?
21
Suppose -g + 16 = 3*g. Let m be (-11)/(-44) + 27/g. Let z be -19 + (60 - 10 - -4). What is the highest common divisor of z and m?
7
Let h = -37 - -43. Let u(d) = -1 - 1 + h - 6 - 15*d. Let i be u(-6). Calculate the highest common divisor of 11 and i.
11
Suppose 3*r - 52*r + 355 = -184. Calculate the greatest common divisor of 649 and r.
11
Suppose 23*w - 1304 = 582. Let l be 3731/w + (-18)/4. What is the greatest common divisor of 328 and l?
41
Let s = -9937 + 10133. Calculate the highest common divisor of 672 and s.
28
Let l be 4/(4/15) - (-19 - -15). Suppose -5*a + l*a = 1680. What is the highest common divisor of a and 12?
12
Let p = -5972 - -6324. Calculate the greatest common factor of p and 224.
32
Let b be (-4)/(-4) - (-11)/1. Let q be -1*-2*335*(-20)/(-50). Suppose 8*d - 596 = q. Calculate the highest common factor of d and b.
12
Let o(l) = -24*l - 216. Let u be o(-9). Suppose u = 178*n - 170*n - 168. What is the highest common factor of 777 and n?
21
Let b = -308 + 297. Let u be 9*-1*(-24 - (-55)/b). What is the greatest common divisor of u and 348?
87
Suppose r - 4*q + 38 = 4*r - 7, 0 = 4*q. Calculate the highest common factor of r and 1005.
15
Let x(p) = -2*p**3 + 35*p**2 + 42*p - 368. Let s be x(18). Suppose k = -4*u + 2048, 5*u - 1853 = -4*k + 707. What is the greatest common divisor of s and u?
64
Let f = -2605 + 2701. What is the highest common divisor of f and 1888?
32
Suppose 5*w - h + 3 + 12 = 0, 4*w + 2*h = -12. Let k be w*(4 + -32 + -2). Calculate the greatest common divisor of 20 and k.
10
Let d = -535 - -527. Let x be (-43)/172 - 354/d. What is the highest common divisor of x and 143?
11
Let c = 934 + 2026. Calculate the highest common factor of c and 37.
37
Let q be (-2 - (-264)/(-5))*10 - -4. Let r be (-2)/(-1*(-4)/q). Calculate the greatest common factor of 16 and r.
16
Let x = -212 - -75. Let u = -122 - x. What is the highest common divisor of 30 and u?
15
Suppose -4*p + 7*p - 6180 = 0. Suppose -p = -4*n - 4*c, -n = 2*n + c - 1539. Let g = -352 + n. Calculate the highest common factor of 16 and g.
16
Suppose 2534*r - 1458 = 2525*r. What is the greatest common divisor of r and 180?
18
Suppose 0 = -9*y + 10 + 8. Let q be (44/(-5))/(1022/70 - 15). What is the greatest common divisor of y and q?
2
Suppose 3*i + z - 13 = 0, 3*z = -2*z + 20. Suppose 5*y - 59 = 4*k, -i*k = 2*y - 13 - 6. Calculate the greatest common factor of 11 and y.
11
Suppose -23*s - 284 = 2269. Let b = 168 + s. Calculate the highest common divisor of b and 38.
19
Let r = -859 - -1658. Calculate the highest common divisor of r and 17.
17
Suppose 3*x - 5*x - 4*f = -2096, 4*x - f - 4156 = 0. Let j be (-6)/((-28)/2520*27). What is the highest common factor of j and x?
20
Suppose 35*z = 34*z - 2*g + 1059, g = 3. Calculate the highest com